nd 9528.
1191
Calculate the highest common divisor of 60915 and 173445.
465
What is the highest common factor of 12 and 24170556?
12
What is the highest common divisor of 4234836 and 204?
204
Calculate the greatest common divisor of 322224795 and 90.
45
Calculate the highest common divisor of 192910555 and 20.
5
Calculate the greatest common factor of 8988 and 1965162.
642
What is the highest common divisor of 3439790 and 732?
122
What is the highest common factor of 4183058 and 4708?
2354
Calculate the greatest common divisor of 166792896 and 248.
248
What is the highest common factor of 11552 and 637887?
361
What is the greatest common divisor of 2856 and 658644?
84
What is the greatest common factor of 974092994 and 28?
14
What is the highest common factor of 1760 and 136411?
11
What is the greatest common divisor of 29694 and 16482?
6
What is the highest common divisor of 382 and 660860?
382
Calculate the greatest common factor of 3112 and 10016.
8
What is the greatest common divisor of 1152243 and 13005?
2601
What is the highest common factor of 20935 and 59369685?
395
Calculate the greatest common factor of 2492 and 61935189.
89
Calculate the highest common factor of 416 and 1245062.
26
What is the highest common divisor of 4070 and 708587?
407
What is the highest common factor of 522 and 74982400?
58
What is the highest common factor of 35 and 66688355?
5
What is the highest common divisor of 62954980 and 30?
10
Calculate the highest common divisor of 206055644 and 28348.
1492
Calculate the greatest common divisor of 6638608 and 32.
16
Calculate the highest common divisor of 136223872 and 256.
128
What is the greatest common factor of 147516 and 2356?
76
Calculate the highest common divisor of 30308629 and 19.
19
What is the greatest common divisor of 43667 and 38987?
13
Calculate the greatest common factor of 93445934 and 331.
331
Calculate the greatest common divisor of 388205280 and 180.
180
Calculate the highest common factor of 34387 and 411389.
251
What is the highest common factor of 144442717 and 48939?
1483
What is the highest common factor of 753591960 and 18?
18
What is the highest common divisor of 768 and 260624064?
192
What is the highest common divisor of 6390 and 3819942?
1278
Calculate the highest common divisor of 71813304 and 324.
324
Calculate the highest common divisor of 315 and 4887960.
105
What is the greatest common divisor of 279669852 and 34790?
6958
Calculate the highest common divisor of 1309049 and 56.
7
What is the highest common divisor of 26 and 2776943?
13
Calculate the highest common factor of 354 and 257648811.
177
What is the greatest common divisor of 20923 and 7482545?
343
What is the highest common divisor of 7284 and 55308?
12
What is the greatest common divisor of 2155807 and 353281?
881
Calculate the greatest common divisor of 551830 and 188972.
794
What is the greatest common divisor of 2410 and 450010?
10
Calculate the highest common divisor of 201 and 23129807.
67
What is the highest common divisor of 1026949 and 35916541?
13337
Calculate the highest common factor of 24 and 35938984.
8
Calculate the highest common divisor of 22854 and 106158.
78
Calculate the highest common divisor of 4429 and 5512643.
43
Calculate the greatest common factor of 374 and 1678682.
34
What is the greatest common divisor of 6570 and 39481320?
2190
What is the highest common divisor of 6083 and 2920393?
553
Calculate the greatest common divisor of 775 and 1956645.
5
What is the greatest common factor of 1241972 and 574?
82
Calculate the highest common divisor of 1024 and 45141504.
512
Calculate the highest common factor of 107619588 and 153.
153
Calculate the highest common factor of 304 and 46515088.
16
What is the highest common divisor of 3256308 and 1485?
297
What is the highest common divisor of 3643162 and 13478?
586
Calculate the greatest common factor of 87264753 and 1096.
137
Calculate the greatest common divisor of 47185819 and 781.
71
Calculate the highest common factor of 167634 and 30.
6
What is the greatest common factor of 123233 and 295891?
659
Calculate the highest common factor of 12 and 298294356.
12
What is the greatest common divisor of 705 and 61239355?
235
What is the greatest common divisor of 1489740 and 550?
10
Calculate the highest common divisor of 114869 and 397358.
493
What is the highest common divisor of 174335 and 696745?
595
What is the highest common factor of 6893566 and 834?
278
Calculate the greatest common divisor of 60374976 and 576.
192
Calculate the highest common divisor of 405 and 447039.
81
What is the highest common factor of 21 and 114085909?
7
What is the greatest common factor of 79475 and 366575?
275
Calculate the greatest common divisor of 5304 and 21892.
52
What is the highest common factor of 39394526 and 1072?
134
Calculate the greatest common divisor of 4771399 and 29.
29
Calculate the highest common divisor of 19472904 and 3168.
792
Calculate the highest common factor of 24206 and 4639154.
494
Calculate the greatest common divisor of 596 and 3526681.
149
Calculate the greatest common factor of 464 and 1459947.
29
What is the greatest common divisor of 376855 and 73255?
115
What is the greatest common divisor of 85 and 164380905?
85
Calculate the greatest common factor of 17204630 and 90.
10
Calculate the greatest common factor of 195000 and 24648.
312
What is the greatest common divisor of 148540380 and 100?
20
Calculate the greatest common factor of 3590 and 44550.
10
Calculate the greatest common divisor of 1659545 and 235.
5
Calculate the greatest common factor of 2367 and 6655215.
789
What is the highest common factor of 127697 and 296423?
461
Calculate the highest common factor of 12870 and 131727024.
2574
Calculate the greatest common factor of 45084705 and 1380.
15
What is the greatest common factor of 7298203 and 66?
11
What is the greatest common divisor of 25106187 and 6492?
1623
Calculate the greatest common factor of 1086 and 307240441.
181
What is the highest common factor of 3620891 and 3611?
157
Calculate the highest common divisor of 498529 and 1081.
47
What is the greatest common divisor of 73220420 and 1120?
140
What is the highest common factor of 46298925 and 86445?
5085
Calculate the greatest common factor of 7448 and 71877.
19
What is the greatest common divisor of 18914175 and 2700?
675
What is the greatest common divisor of 531700 and 3900?
1300
What is the greatest common divisor of 248859 and 38727?
117
Calculate the highest common factor of 3939 and 235854291.
303
What is the greatest common factor of 1152 and 33329536?
128
What is the highest common divisor of 15943 and 5542?
1
What is the highest common divisor of 331437001 and 64631?
9233
What is the highest common divisor of 147 and 132068181?
147
Calculate the greatest common divisor of 30958736 and 368.
368
Calculate the greatest common factor of 22372 and 777380.
188
Calculate the greatest common divisor of 249222 and 69418.
1138
Calculate the greatest common factor of 10552920 and 31185.
105
Calculate the greatest common divisor of 877 and 96084997.
877
Calculate the greatest common factor of 6263798 and 147994.
1922
What is the highest common factor of 142 and 3019843?
71
What is the greatest common divisor of 378388109 and 3014?
1507
Calculate the highest common factor of 7600 and 3047885.
95
Calculate the highest common factor of 4 and 5437412.
4
What is the greatest common factor of 8958049 and 511?
73
What is the highest common divisor of 64872 and 52711203?
2703
What is the highest common factor of 23310 and 552812190?
7770
Calculate the highest common factor of 1109244 and 24150.
138
Calculate the highest common factor of 58 and 1944711.
29
Calculate the highest common factor of 107492 and 21028.
28
What is the highest common factor of 74007 and 1499327?
2741
What is the highest common factor of 1871453 and 109691?
479
Calculate the greatest common divisor of 14693336 and 112.
56
What is the greatest common divisor of 9 and 180556521?
3
Calculate the greatest common divisor of 6250 and 1451350.
50
What is the greatest common divisor of 11710261 and 17110?
59
Calculate the greatest common factor of 44540 and 1885844.
68
What is the highest common divisor of 21730 